{"id":1735,"date":"2020-10-01T10:48:15","date_gmt":"2020-10-01T08:48:15","guid":{"rendered":"https:\/\/www.anna-polke-stiftung.com\/veranstaltungen\/"},"modified":"2026-01-12T16:03:04","modified_gmt":"2026-01-12T15:03:04","slug":"polke-salon","status":"publish","type":"page","link":"https:\/\/www.anna-polke-stiftung.com\/en\/polke-salon\/","title":{"rendered":"Polke Salon"},"content":{"rendered":"\n<p>As a place of exchange, POLKE SALON is modelled on Sigmar Polke's work and thinking as an artist, on his curiosity to discover and bring things together and his use of free association in his work. Scholars, artists and contemporary witnesses enter into a dialogue about and with Polke's work.&nbsp;<\/p>\n\n\n\n<p>UPCOMING<\/p>\n\n\n\n<p>POLKE SALON 14: <em>Athanor and the Anthropology of Material<\/em><br>Christian Spies&nbsp;(Professor of Art History, University of Cologne) in conversation with&nbsp;G\u00f6kcan Demirkazik&nbsp;(PhD candidate, UCLA and&nbsp;Anna Polke Foundation Fellow 2024) about materials, transformation, and alterity in Sigmar Polke\u2019s&nbsp;<em>Athanor<\/em>.<\/p>\n\n\n\n<p>Thursday, April 23, 2026, 7pm<br>Anna Polke Foundation<br>Domstra\u00dfe 60, 50668 Cologne<\/p>\n\n\n\n<p>Please RSVP: mail@anna-polke-stiftung.com<\/p>\n\n\n\n<p>This event format&nbsp;is developed&nbsp;by the Anna Polke Foundation together&nbsp;with Prof. Christian Spies from the Department of Art History at the University of Cologne.&nbsp;<\/p>\n\n\n\n<div style=\"height:50px\" aria-hidden=\"true\" class=\"wp-block-spacer\"><\/div>\n\n\n\n<p>ARCHIVE<\/p>\n\n\n\n<p>POLKE SALON 13: We Petty Bourgeois! Comrades and Contemporaries<br>Petra Lange-Berndt (Professor of Art History, University of Hamburg) in conversation with Astrid Heibach (artist and filmmaker, Cologne) about Sigmar Polke's intermedial and audiovisual exhibition practice in Bern (Galerie Toni Gerber, 1976\/77) and in Hamburg (Hamburger Kunsthalle, 2009\/10). (October 2025, Anna Polke Foundation)<br><br>POLKE SALON 12: <em>Our Bad Dad \u2013 Learning from Polke<\/em><br>Isabelle Graw (art historian, Frankfurt) in conversation with Jutta Koether (artist, New York\/Berlin) about the potential of Sigmar Polke's work and the associated challenges from today's perspective.<br>(June 2025, Anna Polke Foundation)<\/p>\n\n\n\n<p>POLKE SALON 11:&nbsp;<em>Mise en Sc\u00e8ne:&nbsp;Sigmar Polke's traveling media network&nbsp;<\/em><br>Petra Lange-Berndt (art historian, Hamburg) in conversation with Astrid Heibach (artist and film maker, Cologne) about Sigmar Polke's intermedia and audiovisual exhibition practice in the 1970s. (January 2025, Anna Polke Foundation)<br><br>POLKE SALON 10: <em>Sigmar Polke, Mother of Invention<\/em><br>Jean-Pierre Criqui (critic and curator at the Centre Pompidou, Paris) in conversation with Anja Isabel Schneider (scholarship holder of the Anna Polke Foundation 2024) about Sigmar Polke's great capacity for renewal, touching upon themes addressed in his work, such as the circus or the French Revolution. (October 2024, Anna Polke Foundation)<\/p>\n\n\n\n<p>POLKE SALON 9: <em>Process Bubbles<\/em><br>Philipp von Rosen (gallery owner, Cologne) spoke with artist Silke Albrecht (artist, D\u00fcsseldorf) about artistic work processes, analogies to Sigmar Polke and the dust in her own studio. (January 2024, Anna Polke Foundation)<\/p>\n\n\n\n<p>POLKE SALON 1\u20138:<br>Due to the Corona pandemic all SALON talks in 2021 and 2022 have taken place without an audience. The recordings can be accessed below or at <a href=\"https:\/\/vimeo.com\/showcase\/9549883\">Vimeo<\/a>.<\/p>\n\n\n\n<p>POLKE SALON 8: <em>Negativwerte<\/em> <\/p>\n\n\n\n<p>Nelly Gawellek (Anna Polke Foundation) in conversation with Michael Trier (restorer, Cologne) about Polke's color experiments of the 1980s. <\/p>\n\n\n\n<p><\/p>\n\n\n\n<figure class=\"wp-block-video\"><video controls poster=\"https:\/\/www.anna-polke-stiftung.com\/wp-content\/uploads\/2023\/05\/Bildschirmfoto-2023-05-10-um-10.05.55-1.png\" src=\"https:\/\/media.anna-polke-stiftung.com\/PS-08_MASTER-EN_Web.mp4\"><\/video><\/figure>\n\n\n\n<p>POLKE SALON 7: <em>D\u00fcrer-R\u00fcckz\u00fcchtung and some more regarding concept and history.<\/em>&nbsp;<\/p>\n\n\n\n<p>Siegfried Gohr (art historian, curator and freelance publicist) in conversation with Ksenija Tschetschik-Hammerl (scholarship holder of the Anna Polke Foundation 2020) about Sigmar Polke's relation to Albrecht D\u00fcrer. <br><br><\/p>\n\n\n\n<figure class=\"wp-block-video\"><video poster=\"https:\/\/www.anna-polke-stiftung.com\/wp-content\/uploads\/2023\/02\/Bildschirmfoto-2023-02-22-um-11.06.18.png\" src=\"https:\/\/media.anna-polke-stiftung.com\/PS-07-_Master-EN_Website.mp4\"><\/video><\/figure>\n\n\n\n<p><\/p>\n\n\n\n<p><br><br>POLKE SALON 6: <em>Publishing in two dimensions<\/em><\/p>\n\n\n\n<p>Dirk Hildebrandt (scholarship holder of the Anna Polke Foundation 2019) in conversation with Kathrin Barutzki (Anna Polke Foundation) about publishing as an artistic practice in Sigmar Polke's work.<br><br><\/p>\n\n\n\n<figure class=\"wp-block-video\"><video controls poster=\"https:\/\/www.anna-polke-stiftung.com\/wp-content\/uploads\/2022\/11\/Bildschirmfoto-2022-11-29-um-15.57.33-1.png\" src=\"https:\/\/media.anna-polke-stiftung.com\/ps-06-master-en.mp4\"><\/video><\/figure>\n\n\n\n<p><\/p>\n\n\n\n<p><br><br>POLKE SALON 5: <em>Exhibiting Polke Today<\/em><\/p>\n\n\n\n<p>Verena Hein (curator at Kunstforum Ostdeutsche Galerie Regensburg) in conversation with Christian Spies (University of Cologne).<br><br><\/p>\n\n\n\n<figure class=\"wp-block-video\"><video controls poster=\"https:\/\/www.anna-polke-stiftung.com\/wp-content\/uploads\/2022\/08\/PS-05-Still-26-33.png\" src=\"https:\/\/media.anna-polke-stiftung.com\/ps-05_master-ut-en.mp4\"><\/video><\/figure>\n\n\n\n<p><\/p>\n\n\n\n<p><br><br>POLKE SALON 4: <em>Loose Connections<\/em><\/p>\n\n\n\n<p>Michael Oppitz (ethnologist) in conversation with Dietmar R\u00fcbel (art historian) about art and ethnology with, by, and around Sigmar Polke.<br><br><\/p>\n\n\n\n<figure class=\"wp-block-video\"><video controls poster=\"https:\/\/www.anna-polke-stiftung.com\/wp-content\/uploads\/2022\/06\/PS-04-Still-01-55-1.png\" src=\"https:\/\/media.anna-polke-stiftung.com\/ps-04-master_ut-en.mp4\"><\/video><\/figure>\n\n\n\n<p><br><br>POLKE SALON 3: <em>Doo Doo Doo Doo Doo<\/em><\/p>\n\n\n\n<p>Petra Lange-Berndt (art historian, Hamburg) talks with Alex Sainsbury (founder and&nbsp;<br>director <em>Raven Row, <\/em>London) about Sigmar Polke, psychedelia and Great Britain.<br><br><\/p>\n\n\n\n<figure class=\"wp-block-video\"><video controls poster=\"https:\/\/www.anna-polke-stiftung.com\/wp-content\/uploads\/2022\/06\/PS-03-Still-27-48-1.png\" src=\"https:\/\/media.anna-polke-stiftung.com\/ps-03_master-en.mp4\"><\/video><\/figure>\n\n\n\n<p><br><br><br>POLKE SALON 2: <em>Cher Ma\u00eetre<\/em><br><br>Bice Curiger (art historian and artistic director of the Fondation Vincent van Gogh in Arles) talks to Julie Sissia (scholarship holder of the Anna Polke Foundation 2019) about Sigmar Polke and France.<br><br><\/p>\n\n\n\n<figure class=\"wp-block-video\"><video controls poster=\"https:\/\/www.anna-polke-stiftung.com\/wp-content\/uploads\/2022\/06\/PS-02-Still_47-11.png\" src=\"https:\/\/media.anna-polke-stiftung.com\/ps-02_master-en.mp4\"><\/video><\/figure>\n\n\n\n<p><br><br><br>POLKE SALON 1: <em>Everyone can do easy<\/em><\/p>\n\n\n\n<p>Mike Karstens (graphic artist and gallery owner) and Anna Polke (founder and actress) in conversation with Christian Spies (University of Cologne) about Sigmar Polke's creation of graphic art and painting.<br><br><\/p>\n\n\n\n<figure class=\"wp-block-video\"><video controls poster=\"https:\/\/www.anna-polke-stiftung.com\/wp-content\/uploads\/2022\/06\/PS-01-Still-36-23-1.png\" src=\"https:\/\/media.anna-polke-stiftung.com\/ps-01_master-en.mp4\"><\/video><\/figure>\n\n\n\n<p><br><\/p>\n\n\n\n<figure class=\"wp-block-image is-resized\"><img loading=\"lazy\" src=\"https:\/\/www.anna-polke-stiftung.com\/wp-content\/uploads\/2021\/01\/PS-Logo-1024x594.jpg\" alt=\"\" class=\"wp-image-1946\" width=\"288\" height=\"167\" srcset=\"https:\/\/www.anna-polke-stiftung.com\/wp-content\/uploads\/2021\/01\/PS-Logo-1024x594.jpg 1024w, https:\/\/www.anna-polke-stiftung.com\/wp-content\/uploads\/2021\/01\/PS-Logo-300x174.jpg 300w, https:\/\/www.anna-polke-stiftung.com\/wp-content\/uploads\/2021\/01\/PS-Logo-768x445.jpg 768w, https:\/\/www.anna-polke-stiftung.com\/wp-content\/uploads\/2021\/01\/PS-Logo.jpg 1854w\" sizes=\"(max-width: 288px) 100vw, 288px\" \/><\/figure>\n\n\n\n<p>Funded by:<\/p>\n\n\n\n<figure class=\"wp-block-image is-resized\"><img loading=\"lazy\" src=\"https:\/\/www.anna-polke-stiftung.com\/wp-content\/uploads\/2020\/10\/Kulturamt-Logo_grau-1024x353.jpg\" alt=\"\" class=\"wp-image-1745\" width=\"177\" height=\"60\" srcset=\"https:\/\/www.anna-polke-stiftung.com\/wp-content\/uploads\/2020\/10\/Kulturamt-Logo_grau-1024x353.jpg 1024w, https:\/\/www.anna-polke-stiftung.com\/wp-content\/uploads\/2020\/10\/Kulturamt-Logo_grau-300x103.jpg 300w, https:\/\/www.anna-polke-stiftung.com\/wp-content\/uploads\/2020\/10\/Kulturamt-Logo_grau-768x265.jpg 768w, https:\/\/www.anna-polke-stiftung.com\/wp-content\/uploads\/2020\/10\/Kulturamt-Logo_grau.jpg 1688w\" sizes=\"(max-width: 177px) 100vw, 177px\" \/><\/figure>\n","protected":false},"excerpt":{"rendered":"<p>As a place of exchange, POLKE SALON is modelled on Sigmar Polke&#8217;s work and thinking as an artist, on his curiosity to discover and bring things together and his use of free association in his work. Scholars, artists and contemporary witnesses enter into a dialogue about and with Polke&#8217;s work.&nbsp; UPCOMING POLKE SALON 14: Athanor [&hellip;]<\/p>\n","protected":false},"author":1,"featured_media":0,"parent":0,"menu_order":0,"comment_status":"closed","ping_status":"closed","template":"","meta":[],"_links":{"self":[{"href":"https:\/\/www.anna-polke-stiftung.com\/en\/wp-json\/wp\/v2\/pages\/1735"}],"collection":[{"href":"https:\/\/www.anna-polke-stiftung.com\/en\/wp-json\/wp\/v2\/pages"}],"about":[{"href":"https:\/\/www.anna-polke-stiftung.com\/en\/wp-json\/wp\/v2\/types\/page"}],"author":[{"embeddable":true,"href":"https:\/\/www.anna-polke-stiftung.com\/en\/wp-json\/wp\/v2\/users\/1"}],"replies":[{"embeddable":true,"href":"https:\/\/www.anna-polke-stiftung.com\/en\/wp-json\/wp\/v2\/comments?post=1735"}],"version-history":[{"count":190,"href":"https:\/\/www.anna-polke-stiftung.com\/en\/wp-json\/wp\/v2\/pages\/1735\/revisions"}],"predecessor-version":[{"id":4985,"href":"https:\/\/www.anna-polke-stiftung.com\/en\/wp-json\/wp\/v2\/pages\/1735\/revisions\/4985"}],"wp:attachment":[{"href":"https:\/\/www.anna-polke-stiftung.com\/en\/wp-json\/wp\/v2\/media?parent=1735"}],"curies":[{"name":"wp","href":"https:\/\/api.w.org\/{rel}","templated":true}]}}

<p>As a place of exchange, POLKE SALON is modelled on Sigmar Polke's work and thinking as an artist, on his curiosity to discover and bring things together and his use of free association in his work. Scholars, artists and contemporary witnesses enter into a dialogue about and with Polke's work.&nbsp;</p>



<p>UPCOMING</p>



<p>POLKE SALON 14: <em>Athanor and the Anthropology of Material</em><br>Christian Spies&nbsp;(Professor of Art History, University of Cologne) in conversation with&nbsp;Gökcan Demirkazik&nbsp;(PhD candidate, UCLA and&nbsp;Anna Polke Foundation Fellow 2024) about materials, transformation, and alterity in Sigmar Polke’s&nbsp;<em>Athanor</em>.</p>



<p>Thursday, April 23, 2026, 7pm<br>Anna Polke Foundation<br>Domstraße 60, 50668 Cologne</p>



<p>Please RSVP: mail@anna-polke-stiftung.com</p>



<p>This event format&nbsp;is developed&nbsp;by the Anna Polke Foundation together&nbsp;with Prof. Christian Spies from the Department of Art History at the University of Cologne.&nbsp;</p>



<div style="height:50px" aria-hidden="true" class="wp-block-spacer"></div>



<p>ARCHIVE</p>



<p>POLKE SALON 13: We Petty Bourgeois! Comrades and Contemporaries<br>Petra Lange-Berndt (Professor of Art History, University of Hamburg) in conversation with Astrid Heibach (artist and filmmaker, Cologne) about Sigmar Polke's intermedial and audiovisual exhibition practice in Bern (Galerie Toni Gerber, 1976/77) and in Hamburg (Hamburger Kunsthalle, 2009/10). (October 2025, Anna Polke Foundation)<br><br>POLKE SALON 12: <em>Our Bad Dad – Learning from Polke</em><br>Isabelle Graw (art historian, Frankfurt) in conversation with Jutta Koether (artist, New York/Berlin) about the potential of Sigmar Polke's work and the associated challenges from today's perspective.<br>(June 2025, Anna Polke Foundation)</p>



<p>POLKE SALON 11:&nbsp;<em>Mise en Scène:&nbsp;Sigmar Polke's traveling media network&nbsp;</em><br>Petra Lange-Berndt (art historian, Hamburg) in conversation with Astrid Heibach (artist and film maker, Cologne) about Sigmar Polke's intermedia and audiovisual exhibition practice in the 1970s. (January 2025, Anna Polke Foundation)<br><br>POLKE SALON 10: <em>Sigmar Polke, Mother of Invention</em><br>Jean-Pierre Criqui (critic and curator at the Centre Pompidou, Paris) in conversation with Anja Isabel Schneider (scholarship holder of the Anna Polke Foundation 2024) about Sigmar Polke's great capacity for renewal, touching upon themes addressed in his work, such as the circus or the French Revolution. (October 2024, Anna Polke Foundation)</p>



<p>POLKE SALON 9: <em>Process Bubbles</em><br>Philipp von Rosen (gallery owner, Cologne) spoke with artist Silke Albrecht (artist, Düsseldorf) about artistic work processes, analogies to Sigmar Polke and the dust in her own studio. (January 2024, Anna Polke Foundation)</p>



<p>POLKE SALON 1–8:<br>Due to the Corona pandemic all SALON talks in 2021 and 2022 have taken place without an audience. The recordings can be accessed below or at <a href="https://vimeo.com/showcase/9549883">Vimeo</a>.</p>



<p>POLKE SALON 8: <em>Negativwerte</em> </p>



<p>Nelly Gawellek (Anna Polke Foundation) in conversation with Michael Trier (restorer, Cologne) about Polke's color experiments of the 1980s. </p>



<p></p>



<figure class="wp-block-video"><video controls poster="https://www.anna-polke-stiftung.com/wp-content/uploads/2023/05/Bildschirmfoto-2023-05-10-um-10.05.55-1.png" src="https://media.anna-polke-stiftung.com/PS-08_MASTER-EN_Web.mp4"></video></figure>



<p>POLKE SALON 7: <em>Dürer-Rückzüchtung and some more regarding concept and history.</em>&nbsp;</p>



<p>Siegfried Gohr (art historian, curator and freelance publicist) in conversation with Ksenija Tschetschik-Hammerl (scholarship holder of the Anna Polke Foundation 2020) about Sigmar Polke's relation to Albrecht Dürer. <br><br></p>



<figure class="wp-block-video"><video poster="https://www.anna-polke-stiftung.com/wp-content/uploads/2023/02/Bildschirmfoto-2023-02-22-um-11.06.18.png" src="https://media.anna-polke-stiftung.com/PS-07-_Master-EN_Website.mp4"></video></figure>



<p></p>



<p><br><br>POLKE SALON 6: <em>Publishing in two dimensions</em></p>



<p>Dirk Hildebrandt (scholarship holder of the Anna Polke Foundation 2019) in conversation with Kathrin Barutzki (Anna Polke Foundation) about publishing as an artistic practice in Sigmar Polke's work.<br><br></p>



<figure class="wp-block-video"><video controls poster="https://www.anna-polke-stiftung.com/wp-content/uploads/2022/11/Bildschirmfoto-2022-11-29-um-15.57.33-1.png" src="https://media.anna-polke-stiftung.com/ps-06-master-en.mp4"></video></figure>



<p></p>



<p><br><br>POLKE SALON 5: <em>Exhibiting Polke Today</em></p>



<p>Verena Hein (curator at Kunstforum Ostdeutsche Galerie Regensburg) in conversation with Christian Spies (University of Cologne).<br><br></p>



<figure class="wp-block-video"><video controls poster="https://www.anna-polke-stiftung.com/wp-content/uploads/2022/08/PS-05-Still-26-33.png" src="https://media.anna-polke-stiftung.com/ps-05_master-ut-en.mp4"></video></figure>



<p></p>



<p><br><br>POLKE SALON 4: <em>Loose Connections</em></p>



<p>Michael Oppitz (ethnologist) in conversation with Dietmar Rübel (art historian) about art and ethnology with, by, and around Sigmar Polke.<br><br></p>



<figure class="wp-block-video"><video controls poster="https://www.anna-polke-stiftung.com/wp-content/uploads/2022/06/PS-04-Still-01-55-1.png" src="https://media.anna-polke-stiftung.com/ps-04-master_ut-en.mp4"></video></figure>



<p><br><br>POLKE SALON 3: <em>Doo Doo Doo Doo Doo</em></p>



<p>Petra Lange-Berndt (art historian, Hamburg) talks with Alex Sainsbury (founder and&nbsp;<br>director <em>Raven Row, </em>London) about Sigmar Polke, psychedelia and Great Britain.<br><br></p>



<figure class="wp-block-video"><video controls poster="https://www.anna-polke-stiftung.com/wp-content/uploads/2022/06/PS-03-Still-27-48-1.png" src="https://media.anna-polke-stiftung.com/ps-03_master-en.mp4"></video></figure>



<p><br><br><br>POLKE SALON 2: <em>Cher Maître</em><br><br>Bice Curiger (art historian and artistic director of the Fondation Vincent van Gogh in Arles) talks to Julie Sissia (scholarship holder of the Anna Polke Foundation 2019) about Sigmar Polke and France.<br><br></p>



<figure class="wp-block-video"><video controls poster="https://www.anna-polke-stiftung.com/wp-content/uploads/2022/06/PS-02-Still_47-11.png" src="https://media.anna-polke-stiftung.com/ps-02_master-en.mp4"></video></figure>



<p><br><br><br>POLKE SALON 1: <em>Everyone can do easy</em></p>



<p>Mike Karstens (graphic artist and gallery owner) and Anna Polke (founder and actress) in conversation with Christian Spies (University of Cologne) about Sigmar Polke's creation of graphic art and painting.<br><br></p>



<figure class="wp-block-video"><video controls poster="https://www.anna-polke-stiftung.com/wp-content/uploads/2022/06/PS-01-Still-36-23-1.png" src="https://media.anna-polke-stiftung.com/ps-01_master-en.mp4"></video></figure>



<p><br></p>



<figure class="wp-block-image is-resized"><img loading="lazy" src="https://www.anna-polke-stiftung.com/wp-content/uploads/2021/01/PS-Logo-1024x594.jpg" alt="" class="wp-image-1946" width="288" height="167" srcset="https://www.anna-polke-stiftung.com/wp-content/uploads/2021/01/PS-Logo-1024x594.jpg 1024w, https://www.anna-polke-stiftung.com/wp-content/uploads/2021/01/PS-Logo-300x174.jpg 300w, https://www.anna-polke-stiftung.com/wp-content/uploads/2021/01/PS-Logo-768x445.jpg 768w, https://www.anna-polke-stiftung.com/wp-content/uploads/2021/01/PS-Logo.jpg 1854w" sizes="(max-width: 288px) 100vw, 288px" /></figure>



<p>Funded by:</p>



<figure class="wp-block-image is-resized"><img loading="lazy" src="https://www.anna-polke-stiftung.com/wp-content/uploads/2020/10/Kulturamt-Logo_grau-1024x353.jpg" alt="" class="wp-image-1745" width="177" height="60" srcset="https://www.anna-polke-stiftung.com/wp-content/uploads/2020/10/Kulturamt-Logo_grau-1024x353.jpg 1024w, https://www.anna-polke-stiftung.com/wp-content/uploads/2020/10/Kulturamt-Logo_grau-300x103.jpg 300w, https://www.anna-polke-stiftung.com/wp-content/uploads/2020/10/Kulturamt-Logo_grau-768x265.jpg 768w, https://www.anna-polke-stiftung.com/wp-content/uploads/2020/10/Kulturamt-Logo_grau.jpg 1688w" sizes="(max-width: 177px) 100vw, 177px" /></figure>
